{"id":46497,"date":"2023-12-06T05:34:42","date_gmt":"2023-12-06T11:34:42","guid":{"rendered":"https:\/\/cardenna.com\/?post_type=product&#038;p=46497"},"modified":"2025-11-06T19:43:23","modified_gmt":"2025-11-07T01:43:23","slug":"cruz-blanca-mariposas","status":"publish","type":"product","link":"https:\/\/cardenna.com\/?product=cruz-blanca-mariposas","title":{"rendered":"Cruz blanca mariposas"},"content":{"rendered":"<p>Directo a su hogar esta maravillosa cruz est\u00e1 fabricada con barro y esmaltada con una mezcla de s\u00edlice, \u00f3xido de cobre, \u00f3xido de cobalto y \u00f3xido de manganeso se obtiene el color transparente que caracteriza a esta pieza excepcional compleja en su arte de elaboraci\u00f3n.<\/p>\n<p>Todos los productos elaborados por nuestros artesanos son libres de plomo y hechos a mano raz\u00f3n por la cual se pueden encontrar peque\u00f1as variaciones con las im\u00e1genes que se muestran en cuanto a dise\u00f1o y\/o color<\/p>\n<p>Para m\u00e1s informaci\u00f3n cons\u00faltanos a trav\u00e9s de nuestro email:\u00a0<a href=\"mailto:contacto@cardenna.com\">contacto@cardenna.com<\/a><\/p>\n","protected":false},"excerpt":{"rendered":"<p>Directo a su hogar esta maravillosa cruz est\u00e1 fabricada con [&hellip;]<\/p>\n","protected":false},"featured_media":46556,"comment_status":"closed","ping_status":"closed","template":"","meta":[],"product_brand":[],"product_cat":[160],"product_tag":[182],"class_list":{"0":"post-46497","1":"product","2":"type-product","3":"status-publish","4":"has-post-thumbnail","6":"product_cat-barro","7":"product_tag-estado-de-mexico","9":"first","10":"instock","11":"sold-individually","12":"shipping-taxable","13":"purchasable","14":"product-type-simple"},"yoast_head":"<!-- This site is optimized with the Yoast SEO plugin v26.0 - https:\/\/yoast.com\/wordpress\/plugins\/seo\/ -->\n<title>Cruz blanca mariposas - Cardenna<\/title>\n<meta name=\"robots\" content=\"index, follow, max-snippet:-1, max-image-preview:large, max-video-preview:-1\" \/>\n<link rel=\"canonical\" href=\"https:\/\/cardenna.com\/?product=cruz-blanca-mariposas\" \/>\n<meta property=\"og:locale\" content=\"es_MX\" \/>\n<meta property=\"og:type\" content=\"article\" \/>\n<meta property=\"og:title\" content=\"Cruz blanca mariposas - Cardenna\" \/>\n<meta property=\"og:description\" content=\"Directo a su hogar esta maravillosa cruz est\u00e1 fabricada con [&hellip;]\" \/>\n<meta property=\"og:url\" content=\"https:\/\/cardenna.com\/?product=cruz-blanca-mariposas\" \/>\n<meta property=\"og:site_name\" content=\"Cardenna\" \/>\n<meta property=\"article:modified_time\" content=\"2025-11-07T01:43:23+00:00\" \/>\n<meta property=\"og:image\" content=\"https:\/\/cardenna.com\/wp-content\/uploads\/2023\/12\/Cruz-blanca-1.png\" \/>\n\t<meta property=\"og:image:width\" content=\"1000\" \/>\n\t<meta property=\"og:image:height\" content=\"1240\" \/>\n\t<meta property=\"og:image:type\" content=\"image\/png\" \/>\n<meta name=\"twitter:card\" content=\"summary_large_image\" \/>\n<meta name=\"twitter:label1\" content=\"Tiempo de lectura\" \/>\n\t<meta name=\"twitter:data1\" content=\"1 minuto\" \/>\n<script type=\"application\/ld+json\" class=\"yoast-schema-graph\">{\"@context\":\"https:\/\/schema.org\",\"@graph\":[{\"@type\":\"WebPage\",\"@id\":\"https:\/\/cardenna.com\/?product=cruz-blanca-mariposas\",\"url\":\"https:\/\/cardenna.com\/?product=cruz-blanca-mariposas\",\"name\":\"Cruz blanca mariposas - Cardenna\",\"isPartOf\":{\"@id\":\"https:\/\/cardenna.com\/#website\"},\"primaryImageOfPage\":{\"@id\":\"https:\/\/cardenna.com\/?product=cruz-blanca-mariposas#primaryimage\"},\"image\":{\"@id\":\"https:\/\/cardenna.com\/?product=cruz-blanca-mariposas#primaryimage\"},\"thumbnailUrl\":\"https:\/\/cardenna.com\/wp-content\/uploads\/2023\/12\/Cruz-blanca-1.png\",\"datePublished\":\"2023-12-06T11:34:42+00:00\",\"dateModified\":\"2025-11-07T01:43:23+00:00\",\"breadcrumb\":{\"@id\":\"https:\/\/cardenna.com\/?product=cruz-blanca-mariposas#breadcrumb\"},\"inLanguage\":\"es\",\"potentialAction\":[{\"@type\":\"ReadAction\",\"target\":[\"https:\/\/cardenna.com\/?product=cruz-blanca-mariposas\"]}]},{\"@type\":\"ImageObject\",\"inLanguage\":\"es\",\"@id\":\"https:\/\/cardenna.com\/?product=cruz-blanca-mariposas#primaryimage\",\"url\":\"https:\/\/cardenna.com\/wp-content\/uploads\/2023\/12\/Cruz-blanca-1.png\",\"contentUrl\":\"https:\/\/cardenna.com\/wp-content\/uploads\/2023\/12\/Cruz-blanca-1.png\",\"width\":1000,\"height\":1240},{\"@type\":\"BreadcrumbList\",\"@id\":\"https:\/\/cardenna.com\/?product=cruz-blanca-mariposas#breadcrumb\",\"itemListElement\":[{\"@type\":\"ListItem\",\"position\":1,\"name\":\"Inicio\",\"item\":\"https:\/\/cardenna.com\/\"},{\"@type\":\"ListItem\",\"position\":2,\"name\":\"Tienda\",\"item\":\"https:\/\/cardenna.com\/?page_id=2110\"},{\"@type\":\"ListItem\",\"position\":3,\"name\":\"Cruz blanca mariposas\"}]},{\"@type\":\"WebSite\",\"@id\":\"https:\/\/cardenna.com\/#website\",\"url\":\"https:\/\/cardenna.com\/\",\"name\":\"Cardenna\",\"description\":\"Arte Mexicano\",\"potentialAction\":[{\"@type\":\"SearchAction\",\"target\":{\"@type\":\"EntryPoint\",\"urlTemplate\":\"https:\/\/cardenna.com\/?s={search_term_string}\"},\"query-input\":{\"@type\":\"PropertyValueSpecification\",\"valueRequired\":true,\"valueName\":\"search_term_string\"}}],\"inLanguage\":\"es\"}]}<\/script>\n<!-- \/ Yoast SEO plugin. -->","yoast_head_json":{"title":"Cruz blanca mariposas - Cardenna","robots":{"index":"index","follow":"follow","max-snippet":"max-snippet:-1","max-image-preview":"max-image-preview:large","max-video-preview":"max-video-preview:-1"},"canonical":"https:\/\/cardenna.com\/?product=cruz-blanca-mariposas","og_locale":"es_MX","og_type":"article","og_title":"Cruz blanca mariposas - Cardenna","og_description":"Directo a su hogar esta maravillosa cruz est\u00e1 fabricada con [&hellip;]","og_url":"https:\/\/cardenna.com\/?product=cruz-blanca-mariposas","og_site_name":"Cardenna","article_modified_time":"2025-11-07T01:43:23+00:00","og_image":[{"width":1000,"height":1240,"url":"https:\/\/cardenna.com\/wp-content\/uploads\/2023\/12\/Cruz-blanca-1.png","type":"image\/png"}],"twitter_card":"summary_large_image","twitter_misc":{"Tiempo de lectura":"1 minuto"},"schema":{"@context":"https:\/\/schema.org","@graph":[{"@type":"WebPage","@id":"https:\/\/cardenna.com\/?product=cruz-blanca-mariposas","url":"https:\/\/cardenna.com\/?product=cruz-blanca-mariposas","name":"Cruz blanca mariposas - Cardenna","isPartOf":{"@id":"https:\/\/cardenna.com\/#website"},"primaryImageOfPage":{"@id":"https:\/\/cardenna.com\/?product=cruz-blanca-mariposas#primaryimage"},"image":{"@id":"https:\/\/cardenna.com\/?product=cruz-blanca-mariposas#primaryimage"},"thumbnailUrl":"https:\/\/cardenna.com\/wp-content\/uploads\/2023\/12\/Cruz-blanca-1.png","datePublished":"2023-12-06T11:34:42+00:00","dateModified":"2025-11-07T01:43:23+00:00","breadcrumb":{"@id":"https:\/\/cardenna.com\/?product=cruz-blanca-mariposas#breadcrumb"},"inLanguage":"es","potentialAction":[{"@type":"ReadAction","target":["https:\/\/cardenna.com\/?product=cruz-blanca-mariposas"]}]},{"@type":"ImageObject","inLanguage":"es","@id":"https:\/\/cardenna.com\/?product=cruz-blanca-mariposas#primaryimage","url":"https:\/\/cardenna.com\/wp-content\/uploads\/2023\/12\/Cruz-blanca-1.png","contentUrl":"https:\/\/cardenna.com\/wp-content\/uploads\/2023\/12\/Cruz-blanca-1.png","width":1000,"height":1240},{"@type":"BreadcrumbList","@id":"https:\/\/cardenna.com\/?product=cruz-blanca-mariposas#breadcrumb","itemListElement":[{"@type":"ListItem","position":1,"name":"Inicio","item":"https:\/\/cardenna.com\/"},{"@type":"ListItem","position":2,"name":"Tienda","item":"https:\/\/cardenna.com\/?page_id=2110"},{"@type":"ListItem","position":3,"name":"Cruz blanca mariposas"}]},{"@type":"WebSite","@id":"https:\/\/cardenna.com\/#website","url":"https:\/\/cardenna.com\/","name":"Cardenna","description":"Arte Mexicano","potentialAction":[{"@type":"SearchAction","target":{"@type":"EntryPoint","urlTemplate":"https:\/\/cardenna.com\/?s={search_term_string}"},"query-input":{"@type":"PropertyValueSpecification","valueRequired":true,"valueName":"search_term_string"}}],"inLanguage":"es"}]}},"lang":"es","translations":{"es":46497,"en":46499},"pll_sync_post":[],"_links":{"self":[{"href":"https:\/\/cardenna.com\/index.php?rest_route=\/wp\/v2\/product\/46497","targetHints":{"allow":["GET"]}}],"collection":[{"href":"https:\/\/cardenna.com\/index.php?rest_route=\/wp\/v2\/product"}],"about":[{"href":"https:\/\/cardenna.com\/index.php?rest_route=\/wp\/v2\/types\/product"}],"replies":[{"embeddable":true,"href":"https:\/\/cardenna.com\/index.php?rest_route=%2Fwp%2Fv2%2Fcomments&post=46497"}],"wp:featuredmedia":[{"embeddable":true,"href":"https:\/\/cardenna.com\/index.php?rest_route=\/wp\/v2\/media\/46556"}],"wp:attachment":[{"href":"https:\/\/cardenna.com\/index.php?rest_route=%2Fwp%2Fv2%2Fmedia&parent=46497"}],"wp:term":[{"taxonomy":"product_brand","embeddable":true,"href":"https:\/\/cardenna.com\/index.php?rest_route=%2Fwp%2Fv2%2Fproduct_brand&post=46497"},{"taxonomy":"product_cat","embeddable":true,"href":"https:\/\/cardenna.com\/index.php?rest_route=%2Fwp%2Fv2%2Fproduct_cat&post=46497"},{"taxonomy":"product_tag","embeddable":true,"href":"https:\/\/cardenna.com\/index.php?rest_route=%2Fwp%2Fv2%2Fproduct_tag&post=46497"}],"curies":[{"name":"wp","href":"https:\/\/api.w.org\/{rel}","templated":true}]}}