{"id":45950,"date":"2023-10-14T16:46:15","date_gmt":"2023-10-14T22:46:15","guid":{"rendered":"https:\/\/cardenna.com\/?page_id=45950"},"modified":"2023-12-28T01:27:48","modified_gmt":"2023-12-28T07:27:48","slug":"terminos-y-condiciones","status":"publish","type":"page","link":"https:\/\/cardenna.com\/?page_id=45950","title":{"rendered":"T\u00e9rminos y condiciones"},"content":{"rendered":"<p><div class=\"fusion-fullwidth fullwidth-box fusion-builder-row-1 fusion-flex-container has-pattern-background has-mask-background fusion-parallax-none nonhundred-percent-fullwidth non-hundred-percent-height-scrolling lazyload\" style=\"--awb-background-repeat:repeat;--awb-border-color:var(--awb-color1);--awb-border-radius-top-left:0px;--awb-border-radius-top-right:0px;--awb-border-radius-bottom-right:0px;--awb-border-radius-bottom-left:0px;--awb-padding-top:75px;--awb-padding-right:18vw;--awb-padding-bottom:75px;--awb-padding-left:18vw;--awb-padding-top-small:10vw;--awb-padding-right-small:8vw;--awb-padding-bottom-small:10vw;--awb-padding-left-small:8vw;--awb-margin-bottom:60px;--awb-margin-bottom-small:30px;--awb-background-color:var(--awb-color8);--awb-background-image:linear-gradient(180deg, hsla(var(--awb-color3-h),var(--awb-color3-s),calc( var(--awb-color3-l) - 73% ),calc( var(--awb-color3-a) - 85% )) 0%,hsla(var(--awb-color3-h),var(--awb-color3-s),calc( var(--awb-color3-l) - 73% ),calc( var(--awb-color3-a) - 85% )) 100%);;--awb-background-size:;--awb-flex-wrap:wrap;\" data-bg=\"http:\/\/localhost:8888\/cardenna\/wp-content\/uploads\/2021\/02\/pattern-5.png\" data-bg-gradient=\"linear-gradient(180deg, hsla(var(--awb-color3-h),var(--awb-color3-s),calc( var(--awb-color3-l) - 73% ),calc( var(--awb-color3-a) - 85% )) 0%,hsla(var(--awb-color3-h),var(--awb-color3-s),calc( var(--awb-color3-l) - 73% ),calc( var(--awb-color3-a) - 85% )) 100%)\" ><div class=\"fusion-builder-row fusion-row fusion-flex-align-items-flex-start fusion-flex-content-wrap\" style=\"max-width:1248px;margin-left: calc(-4% \/ 2 );margin-right: calc(-4% \/ 2 );\"><div class=\"fusion-layout-column fusion_builder_column fusion-builder-column-0 fusion_builder_column_1_1 1_1 fusion-flex-column fusion-animated\" style=\"--awb-bg-position:center center;--awb-bg-size:cover;--awb-width-large:100%;--awb-margin-top-large:0px;--awb-spacing-right-large:1.92%;--awb-margin-bottom-large:0px;--awb-spacing-left-large:1.92%;--awb-width-medium:100%;--awb-order-medium:0;--awb-spacing-right-medium:1.92%;--awb-spacing-left-medium:1.92%;--awb-width-small:100%;--awb-order-small:0;--awb-spacing-right-small:1.92%;--awb-spacing-left-small:1.92%;\" data-animationType=\"fadeInUp\" data-animationDuration=\"1.0\" data-animationOffset=\"top-into-view\"><div class=\"fusion-column-wrapper fusion-column-has-shadow fusion-flex-justify-content-flex-start fusion-content-layout-column\"><div class=\"fusion-title title fusion-title-1 fusion-sep-none fusion-title-center fusion-title-text fusion-title-size-one\" style=\"--awb-text-color:var(--awb-color1);--awb-margin-top:0px;--awb-margin-bottom:0px;\"><h1 class=\"fusion-title-heading title-heading-center\" style=\"margin:0;\">T\u00e9rminos y condiciones<\/h1><\/div><\/div><\/div><\/div><\/div><div class=\"fusion-fullwidth fullwidth-box fusion-builder-row-2 fusion-flex-container has-pattern-background has-mask-background nonhundred-percent-fullwidth non-hundred-percent-height-scrolling\" style=\"--awb-border-radius-top-left:0px;--awb-border-radius-top-right:0px;--awb-border-radius-bottom-right:0px;--awb-border-radius-bottom-left:0px;--awb-flex-wrap:wrap;\" ><div class=\"fusion-builder-row fusion-row fusion-flex-align-items-flex-start fusion-flex-content-wrap\" style=\"max-width:1248px;margin-left: calc(-4% \/ 2 );margin-right: calc(-4% \/ 2 );\"><div class=\"fusion-layout-column fusion_builder_column fusion-builder-column-1 fusion_builder_column_1_1 1_1 fusion-flex-column\" style=\"--awb-bg-size:cover;--awb-width-large:100%;--awb-margin-top-large:0px;--awb-spacing-right-large:1.92%;--awb-margin-bottom-large:20px;--awb-spacing-left-large:1.92%;--awb-width-medium:100%;--awb-order-medium:0;--awb-spacing-right-medium:1.92%;--awb-spacing-left-medium:1.92%;--awb-width-small:100%;--awb-order-small:0;--awb-spacing-right-small:1.92%;--awb-spacing-left-small:1.92%;\"><div class=\"fusion-column-wrapper fusion-column-has-shadow fusion-flex-justify-content-flex-start fusion-content-layout-column\"><div class=\"fusion-text fusion-text-1\"><p>Los presentes t\u00e9rminos y condiciones son aplicables a todas las personas que utilizan esta tienda en l\u00ednea, localizada en <a href=\"http:\/\/www.cardenna.com\">www.cardenna.com<\/a>. Estos T\u00e9rminos y Condiciones constituyen las condiciones generales de contrataci\u00f3n y conjuntamente con las \u00d3rdenes de Compra, las Confirmaciones de Compra correspondientes y los dem\u00e1s Documentos Contractuales de la tienda, rigen la relaci\u00f3n que existe entre Comercializadora Carde\u00f1a y Compa\u00f1\u00eda, S.A. de C.V. ( \u201cCarde\u00f1a M\u00e9xico\u201d o \u201cNosotros\u201d y todas las personas que utilizan la Tienda en l\u00ednea y adquieren productos a trav\u00e9s de medios electr\u00f3nicos y\/o las personas que visitan la tienda en l\u00ednea y consultan o usan su contenido ( los \u201cclientes\u201d ). Por favor lea cuidadosamente estos T\u00e9rminos y Condiciones. Al hacer uso de este <a href=\"http:\/\/www.cardenna.com\">www.cardenna.com<\/a> usted manifiesta que ha le\u00eddo y entendido los Documentos Contractuales del <a href=\"http:\/\/www.cardenna.com\">www.cardenna.com<\/a> y que acepta obligarse de conformidad con las declaraciones y cl\u00e1usulas que los mismos establecen.<\/p>\n<h4><b>1. Antecedentes<\/b><\/h4>\n<p>Carde\u00f1a M\u00e9xico ha desarrollado la Tienda en L\u00ednea para que cualquier persona localizada en M\u00e9xico o en el extranjero pueda adquirir alguno de los productos contemplados en nuestro Cat\u00e1logo de Productos en L\u00ednea y solicitar que dichos art\u00edculos sean entregados en cualquier domicilio\u00a0 localizado en M\u00e9xico o en el extranjero. El uso de este <a href=\"http:\/\/www.cardenna.com\">www.cardenna.com<\/a> se rige por la legislaci\u00f3n de los Estados Unidos Mexicanos. Si Usted usa este <a href=\"http:\/\/www.cardenna.com\">www.cardenna.com<\/a> desde otro pa\u00eds, Usted estar\u00e1 utilizando nuestro <a href=\"http:\/\/www.cardenna.com\">www.cardenna.com<\/a> bajo su propio riesgo y es responsable de cumplir con las leyes mexicanas y aquellas que se encuentren en vigor en la jurisdicci\u00f3n en la que Usted se ubica.<\/p>\n<h4><b>2. Declaraciones de Carde\u00f1a M\u00e9xico<\/b><\/h4>\n<p>Carde\u00f1a M\u00e9xico declara que es una sociedad mercantil constituida de conformidad con las Leyes de los Estados Unidos Mexicanos; que tiene como actividad primordial de negocios el vender los productos que tiene en existencia y que ha desarrollado su Tienda en L\u00ednea con el prop\u00f3sito de que sus clientes puedan adquirir a trav\u00e9s de medios electr\u00f3nicos los productos que se muestran en el Cat\u00e1logos de Productos en L\u00ednea en nuestro <a href=\"http:\/\/www.cardenna.com\">www.cardenna.com<\/a>, en los t\u00e9rminos que las partes acuerden en la \u00f6rden de Compra o pedido y la Confirmaci\u00f3n de Compra correspondientes.<\/p>\n<h4><b>3. Declaraciones del Cliente<\/b><\/h4>\n<p>El cliente declara por su propio derecho: a) ser una persona f\u00edsica mayor de edad y contar con plena capacidad jur\u00eddica para poder obligarse en t\u00e9rminos del presente contrato, b) tener su domicilio ubicado, para efectos de este contrato, en la direcci\u00f3n que ha proporcionado a Carde\u00f1a M\u00e9xico en el registro de su cuenta en l\u00ednea; c) que desea registrarse en el <a href=\"http:\/\/www.cardenna.com\">www.cardenna.com<\/a> para crear una cuenta que le permita adquirir productos de la Tienda en L\u00ednea d) que se encuentra consciente de que todas las transacciones que sean realizadas en el <a href=\"http:\/\/www.cardenna.com\">www.cardenna.com<\/a> por si mismo o por un tercero y que se encuentren asociadas al uso de sus contrase\u00f1as y\/o de su firma electr\u00f3nica, ser\u00e1n atribuibles a su persona.<\/p>\n<h4><b>4. Definiciones<\/b><\/h4>\n<p>Los t\u00e9rminos que se describen a continuaci\u00f3n tendr\u00e1n el significado que se les atribuye; lo anterior, ya sea que se utilicen con may\u00fasculas o min\u00fasculas, en singular o plural o de forma abreviada.<\/p>\n<p>\u201cCat\u00e1logo de Productos en L\u00ednea\u201d o \u201cCat\u00e1logo\u201d .- Est\u00e1 conformado por todos los productos que se encuentran disponibles en la Tienda en L\u00ednea; los productos del Cat\u00e1logo no necesariamente se encuentran disponibles o en existencia al momento en que se realiza un pedido; asimismo; pueden ser cambiados, sustituidos o descontinuados de tiempo en tiempo a discreci\u00f3n de Carde\u00f1a M\u00e9xico.<\/p>\n<p>\u201cContenidos del Sitio&#8221; .- Este t\u00e9rmino incluye cualquier informaci\u00f3n o material contenido o publicado en el <a href=\"http:\/\/www.cardenna.com\">www.cardenna.com<\/a>. Comprende, de manera enunciativa m\u00e1s no limitativa: marcas, dise\u00f1os, descripciones de productos, c\u00f3digo, texto en lenguaje HTML, fotograf\u00edas o im\u00e1genes.<\/p>\n<\/div><\/div><\/div><\/div><\/div><\/p>\n","protected":false},"excerpt":{"rendered":"","protected":false},"author":1,"featured_media":0,"parent":0,"menu_order":0,"comment_status":"closed","ping_status":"closed","template":"100-width.php","meta":{"footnotes":""},"class_list":["post-45950","page","type-page","status-publish","hentry"],"yoast_head":"<!-- This site is optimized with the Yoast SEO plugin v26.0 - https:\/\/yoast.com\/wordpress\/plugins\/seo\/ -->\n<title>T\u00e9rminos y condiciones - Cardenna<\/title>\n<meta name=\"robots\" content=\"index, follow, max-snippet:-1, max-image-preview:large, max-video-preview:-1\" \/>\n<link rel=\"canonical\" href=\"https:\/\/cardenna.com\/?page_id=45950\" \/>\n<meta property=\"og:locale\" content=\"es_MX\" \/>\n<meta property=\"og:type\" content=\"article\" \/>\n<meta property=\"og:title\" content=\"T\u00e9rminos y condiciones - Cardenna\" \/>\n<meta property=\"og:url\" content=\"https:\/\/cardenna.com\/?page_id=45950\" \/>\n<meta property=\"og:site_name\" content=\"Cardenna\" \/>\n<meta property=\"article:modified_time\" content=\"2023-12-28T07:27:48+00:00\" \/>\n<meta name=\"twitter:card\" content=\"summary_large_image\" \/>\n<script type=\"application\/ld+json\" class=\"yoast-schema-graph\">{\"@context\":\"https:\/\/schema.org\",\"@graph\":[{\"@type\":\"WebPage\",\"@id\":\"https:\/\/cardenna.com\/?page_id=45950\",\"url\":\"https:\/\/cardenna.com\/?page_id=45950\",\"name\":\"T\u00e9rminos y condiciones - Cardenna\",\"isPartOf\":{\"@id\":\"https:\/\/cardenna.com\/#website\"},\"datePublished\":\"2023-10-14T22:46:15+00:00\",\"dateModified\":\"2023-12-28T07:27:48+00:00\",\"breadcrumb\":{\"@id\":\"https:\/\/cardenna.com\/?page_id=45950#breadcrumb\"},\"inLanguage\":\"es\",\"potentialAction\":[{\"@type\":\"ReadAction\",\"target\":[\"https:\/\/cardenna.com\/?page_id=45950\"]}]},{\"@type\":\"BreadcrumbList\",\"@id\":\"https:\/\/cardenna.com\/?page_id=45950#breadcrumb\",\"itemListElement\":[{\"@type\":\"ListItem\",\"position\":1,\"name\":\"Inicio\",\"item\":\"https:\/\/cardenna.com\/\"},{\"@type\":\"ListItem\",\"position\":2,\"name\":\"T\u00e9rminos y condiciones\"}]},{\"@type\":\"WebSite\",\"@id\":\"https:\/\/cardenna.com\/#website\",\"url\":\"https:\/\/cardenna.com\/\",\"name\":\"Cardenna\",\"description\":\"Arte Mexicano\",\"potentialAction\":[{\"@type\":\"SearchAction\",\"target\":{\"@type\":\"EntryPoint\",\"urlTemplate\":\"https:\/\/cardenna.com\/?s={search_term_string}\"},\"query-input\":{\"@type\":\"PropertyValueSpecification\",\"valueRequired\":true,\"valueName\":\"search_term_string\"}}],\"inLanguage\":\"es\"}]}<\/script>\n<!-- \/ Yoast SEO plugin. -->","yoast_head_json":{"title":"T\u00e9rminos y condiciones - Cardenna","robots":{"index":"index","follow":"follow","max-snippet":"max-snippet:-1","max-image-preview":"max-image-preview:large","max-video-preview":"max-video-preview:-1"},"canonical":"https:\/\/cardenna.com\/?page_id=45950","og_locale":"es_MX","og_type":"article","og_title":"T\u00e9rminos y condiciones - Cardenna","og_url":"https:\/\/cardenna.com\/?page_id=45950","og_site_name":"Cardenna","article_modified_time":"2023-12-28T07:27:48+00:00","twitter_card":"summary_large_image","schema":{"@context":"https:\/\/schema.org","@graph":[{"@type":"WebPage","@id":"https:\/\/cardenna.com\/?page_id=45950","url":"https:\/\/cardenna.com\/?page_id=45950","name":"T\u00e9rminos y condiciones - Cardenna","isPartOf":{"@id":"https:\/\/cardenna.com\/#website"},"datePublished":"2023-10-14T22:46:15+00:00","dateModified":"2023-12-28T07:27:48+00:00","breadcrumb":{"@id":"https:\/\/cardenna.com\/?page_id=45950#breadcrumb"},"inLanguage":"es","potentialAction":[{"@type":"ReadAction","target":["https:\/\/cardenna.com\/?page_id=45950"]}]},{"@type":"BreadcrumbList","@id":"https:\/\/cardenna.com\/?page_id=45950#breadcrumb","itemListElement":[{"@type":"ListItem","position":1,"name":"Inicio","item":"https:\/\/cardenna.com\/"},{"@type":"ListItem","position":2,"name":"T\u00e9rminos y condiciones"}]},{"@type":"WebSite","@id":"https:\/\/cardenna.com\/#website","url":"https:\/\/cardenna.com\/","name":"Cardenna","description":"Arte Mexicano","potentialAction":[{"@type":"SearchAction","target":{"@type":"EntryPoint","urlTemplate":"https:\/\/cardenna.com\/?s={search_term_string}"},"query-input":{"@type":"PropertyValueSpecification","valueRequired":true,"valueName":"search_term_string"}}],"inLanguage":"es"}]}},"lang":"es","translations":{"es":45950,"en":46155},"pll_sync_post":[],"_links":{"self":[{"href":"https:\/\/cardenna.com\/index.php?rest_route=\/wp\/v2\/pages\/45950","targetHints":{"allow":["GET"]}}],"collection":[{"href":"https:\/\/cardenna.com\/index.php?rest_route=\/wp\/v2\/pages"}],"about":[{"href":"https:\/\/cardenna.com\/index.php?rest_route=\/wp\/v2\/types\/page"}],"author":[{"embeddable":true,"href":"https:\/\/cardenna.com\/index.php?rest_route=\/wp\/v2\/users\/1"}],"replies":[{"embeddable":true,"href":"https:\/\/cardenna.com\/index.php?rest_route=%2Fwp%2Fv2%2Fcomments&post=45950"}],"version-history":[{"count":0,"href":"https:\/\/cardenna.com\/index.php?rest_route=\/wp\/v2\/pages\/45950\/revisions"}],"wp:attachment":[{"href":"https:\/\/cardenna.com\/index.php?rest_route=%2Fwp%2Fv2%2Fmedia&parent=45950"}],"curies":[{"name":"wp","href":"https:\/\/api.w.org\/{rel}","templated":true}]}}